{"id":83,"date":"2021-09-29T21:25:52","date_gmt":"2021-09-29T19:25:52","guid":{"rendered":"http:\/\/lurcat-maubeuge.net\/erasmus\/?page_id=83"},"modified":"2021-09-29T21:28:35","modified_gmt":"2021-09-29T19:28:35","slug":"erasmus","status":"publish","type":"page","link":"https:\/\/www.lurcat-maubeuge.net\/erasmus\/erasmus\/","title":{"rendered":"Erasmus ?"},"content":{"rendered":"\n<p>Le programme Erasmus a \u00e9t\u00e9 cr\u00e9\u00e9 en 1987. <\/p>\n\n\n\n<p>Son nom est \u00e0 la fois une \u00e9vocation d\u2019<a rel=\"noreferrer noopener\" href=\"https:\/\/www.wikiwand.com\/fr\/%C3%89rasme\" data-type=\"URL\" data-id=\"https:\/\/www.wikiwand.com\/fr\/%C3%89rasme\" target=\"_blank\">Erasme<\/a>, philosophe n\u00e9erlandais du XV<sup>\u00e8me<\/sup>\u00a0si\u00e8cle, et l\u2019acronyme de\u00a0<em><strong>E<\/strong>u<strong>R<\/strong>opean <strong>A<\/strong>ction <strong>S<\/strong>cheme for the <strong>M<\/strong>obility of <strong>U<\/strong>niversity <strong>S<\/strong>tudents<\/em>.<\/p>\n\n\n\n<p>Au fil des ann\u00e9es, le programme Erasmus a \u00e9t\u00e9 compl\u00e9t\u00e9 par d\u2019autres programmes au profit de tous les publics (Comenius, Leonardo da Vinci, Grundtvig, Jeunesse en action, etc.). <\/p>\n\n\n\n<p>Ces programmes ont \u00e9t\u00e9 int\u00e9gr\u00e9s en 2014 pour devenir le programme<strong> Erasmus +<\/strong>.<\/p>\n\n\n\n<figure class=\"wp-block-image size-large is-style-rounded\"><img loading=\"lazy\" decoding=\"async\" width=\"1024\" height=\"292\" src=\"http:\/\/lurcat-maubeuge.net\/erasmus\/wp-content\/uploads\/2021\/09\/EU_flag-Erasmus_vect_POS-1024x292.jpg\" alt=\"\" class=\"wp-image-84\" srcset=\"https:\/\/www.lurcat-maubeuge.net\/erasmus\/wp-content\/uploads\/2021\/09\/EU_flag-Erasmus_vect_POS-1024x292.jpg 1024w, https:\/\/www.lurcat-maubeuge.net\/erasmus\/wp-content\/uploads\/2021\/09\/EU_flag-Erasmus_vect_POS-300x86.jpg 300w, https:\/\/www.lurcat-maubeuge.net\/erasmus\/wp-content\/uploads\/2021\/09\/EU_flag-Erasmus_vect_POS-768x219.jpg 768w, https:\/\/www.lurcat-maubeuge.net\/erasmus\/wp-content\/uploads\/2021\/09\/EU_flag-Erasmus_vect_POS-1536x439.jpg 1536w, https:\/\/www.lurcat-maubeuge.net\/erasmus\/wp-content\/uploads\/2021\/09\/EU_flag-Erasmus_vect_POS.jpg 1964w\" sizes=\"auto, (max-width: 1024px) 100vw, 1024px\" \/><\/figure>\n","protected":false},"excerpt":{"rendered":"<p>Le programme Erasmus a \u00e9t\u00e9 cr\u00e9\u00e9 en 1987. Son nom est \u00e0 la fois une \u00e9vocation d\u2019Erasme, philosophe n\u00e9erlandais du XV\u00e8me\u00a0si\u00e8cle, et l\u2019acronyme de\u00a0EuRopean Action Scheme for the Mobility of University Students. Au fil des ann\u00e9es, le programme Erasmus a \u00e9t\u00e9 compl\u00e9t\u00e9 par d\u2019autres programmes au profit de tous les publics (Comenius, Leonardo da Vinci, [&hellip;]<\/p>\n","protected":false},"author":1,"featured_media":0,"parent":0,"menu_order":0,"comment_status":"closed","ping_status":"closed","template":"","meta":{"footnotes":""},"class_list":["post-83","page","type-page","status-publish","hentry"],"_links":{"self":[{"href":"https:\/\/www.lurcat-maubeuge.net\/erasmus\/wp-json\/wp\/v2\/pages\/83","targetHints":{"allow":["GET"]}}],"collection":[{"href":"https:\/\/www.lurcat-maubeuge.net\/erasmus\/wp-json\/wp\/v2\/pages"}],"about":[{"href":"https:\/\/www.lurcat-maubeuge.net\/erasmus\/wp-json\/wp\/v2\/types\/page"}],"author":[{"embeddable":true,"href":"https:\/\/www.lurcat-maubeuge.net\/erasmus\/wp-json\/wp\/v2\/users\/1"}],"replies":[{"embeddable":true,"href":"https:\/\/www.lurcat-maubeuge.net\/erasmus\/wp-json\/wp\/v2\/comments?post=83"}],"version-history":[{"count":2,"href":"https:\/\/www.lurcat-maubeuge.net\/erasmus\/wp-json\/wp\/v2\/pages\/83\/revisions"}],"predecessor-version":[{"id":87,"href":"https:\/\/www.lurcat-maubeuge.net\/erasmus\/wp-json\/wp\/v2\/pages\/83\/revisions\/87"}],"wp:attachment":[{"href":"https:\/\/www.lurcat-maubeuge.net\/erasmus\/wp-json\/wp\/v2\/media?parent=83"}],"curies":[{"name":"wp","href":"https:\/\/api.w.org\/{rel}","templated":true}]}}

<p>Le programme Erasmus a été créé en 1987. </p>



<p>Son nom est à la fois une évocation d’<a rel="noreferrer noopener" href="https://www.wikiwand.com/fr/%C3%89rasme" data-type="URL" data-id="https://www.wikiwand.com/fr/%C3%89rasme" target="_blank">Erasme</a>, philosophe néerlandais du XV<sup>ème</sup> siècle, et l’acronyme de <em><strong>E</strong>u<strong>R</strong>opean <strong>A</strong>ction <strong>S</strong>cheme for the <strong>M</strong>obility of <strong>U</strong>niversity <strong>S</strong>tudents</em>.</p>



<p>Au fil des années, le programme Erasmus a été complété par d’autres programmes au profit de tous les publics (Comenius, Leonardo da Vinci, Grundtvig, Jeunesse en action, etc.). </p>



<p>Ces programmes ont été intégrés en 2014 pour devenir le programme<strong> Erasmus +</strong>.</p>



<figure class="wp-block-image size-large is-style-rounded"><img loading="lazy" decoding="async" width="1024" height="292" src="http://lurcat-maubeuge.net/erasmus/wp-content/uploads/2021/09/EU_flag-Erasmus_vect_POS-1024x292.jpg" alt="" class="wp-image-84" srcset="https://www.lurcat-maubeuge.net/erasmus/wp-content/uploads/2021/09/EU_flag-Erasmus_vect_POS-1024x292.jpg 1024w, https://www.lurcat-maubeuge.net/erasmus/wp-content/uploads/2021/09/EU_flag-Erasmus_vect_POS-300x86.jpg 300w, https://www.lurcat-maubeuge.net/erasmus/wp-content/uploads/2021/09/EU_flag-Erasmus_vect_POS-768x219.jpg 768w, https://www.lurcat-maubeuge.net/erasmus/wp-content/uploads/2021/09/EU_flag-Erasmus_vect_POS-1536x439.jpg 1536w, https://www.lurcat-maubeuge.net/erasmus/wp-content/uploads/2021/09/EU_flag-Erasmus_vect_POS.jpg 1964w" sizes="auto, (max-width: 1024px) 100vw, 1024px" /></figure>

<p>Le programme Erasmus a été créé en 1987. Son nom est à la fois une évocation d’Erasme, philosophe néerlandais du XVème siècle, et l’acronyme de EuRopean Action Scheme for the Mobility of University Students. Au fil des années, le programme Erasmus a été complété par d’autres programmes au profit de tous les publics (Comenius, Leonardo da Vinci, [&hellip;]</p>
